29, 41, 774233
What are the prime factors of 606405542?
2, 53, 5720807
What are the prime factors of 1002555394?
2, 5209, 96233
List the prime factors of 57621482.
2, 41, 702701
What are the prime factors of 794884134?
2, 3, 11, 1993, 6043
What are the prime factors of 1055405819?
13, 31, 2618873
What are the prime factors of 34436148?
2, 3, 47, 61057
List the prime factors of 1916182624.
2, 23, 2603509
List the prime factors of 2891605671.
3, 229, 659, 2129
List the prime factors of 1664349553.
71, 23441543
List the prime factors of 3514888404.
2, 3, 1597, 6793
List the prime factors of 1154651586.
2, 3, 11, 431, 40591
What are the prime factors of 141097360?
2, 5, 1763717
What are the prime factors of 2029000599?
3, 5483, 41117
What are the prime factors of 968707987?
13, 74515999
List the prime factors of 1075120653.
3, 337, 373, 2851
List the prime factors of 746221271.
746221271
List the prime factors of 33276784.
2, 191, 10889
What are the prime factors of 58941667?
19, 3102193
List the prime factors of 3154501641.
3, 227, 4632161
List the prime factors of 243788517.
3, 7, 17, 227627
List the prime factors of 1408534844.
2, 193, 1021, 1787
List the prime factors of 185479158.
2, 3, 1087, 28439
List the prime factors of 68958944.
2, 2154967
What are the prime factors of 96460535?
5, 4271, 4517
What are the prime factors of 676900063?
7, 47, 251, 1171
List the prime factors of 6701384.
2, 837673
List the prime factors of 108725224.
2, 13590653
What are the prime factors of 296690646?
2, 3, 7, 31, 227873
List the prime factors of 475505276.
2, 118876319
What are the prime factors of 1372084363?
13, 3989, 26459
List the prime factors of 267620406.
2, 3, 44603401
List the prime factors of 55825909.
17, 883, 3719
What are the prime factors of 1103658398?
2, 2099, 262901
List the prime factors of 1967868404.
2, 491967101
What are the prime factors of 556607946?
2, 3, 37, 2507243
List the prime factors of 1776660272.
2, 277, 400871
What are the prime factors of 481363900?
2, 5, 4813639
What are the prime factors of 22122334?
2, 13, 653, 1303
What are the prime factors of 2082854921?
7, 4091, 72733
List the prime factors of 104277979.
13, 8021383
What are the prime factors of 1223546069?
97, 3137, 4021
What are the prime factors of 26143444?
2, 6535861
What are the prime factors of 18424332?
2, 3, 511787
List the prime factors of 608416595.
5, 121683319
List the prime factors of 75217751.
7, 19, 23, 67, 367
What are the prime factors of 739555799?
53, 593, 23531
List the prime factors of 1312494248.
2, 13, 17, 607, 1223
What are the prime factors of 22574934?
2, 3, 29, 59, 733
What are the prime factors of 351056448?
2, 3, 127, 4799
List the prime factors of 6216759.
3, 29, 23819
List the prime factors of 32504426.
2, 37, 101, 4349
List the prime factors of 196878019.
13, 19, 797077
What are the prime factors of 310795569?
3, 7, 1644421
What are the prime factors of 639063084?
2, 3, 11, 61, 79367
What are the prime factors of 104921038?
2, 52460519
What are the prime factors of 1361845010?
2, 5, 17, 8010853
List the prime factors of 2124641014.
2, 1062320507
What are the prime factors of 1457209?
13, 197, 569
What are the prime factors of 279437313?
3, 17, 19, 283, 1019
What are the prime factors of 55752678?
2, 3, 1032457
What are the prime factors of 58954677?
3, 43, 457013
What are the prime factors of 114144928?
2, 29, 123001
List the prime factors of 6057648407.
6057648407
What are the prime factors of 7536776?
2, 13, 72469
List the prime factors of 1533817250.
2, 5, 7, 29, 30223
What are the prime factors of 2772267765?
3, 5, 184817851
List the prime factors of 523355287.
7, 13, 5751157
List the prime factors of 31840581.
3, 137, 77471
List the prime factors of 47483271.
3, 11, 479629
List the prime factors of 1108201888.
2, 31, 79, 179
List the prime factors of 1404932514.
2, 3, 67, 3494857
What are the prime factors of 1448612891?
11, 17, 7746593
What are the prime factors of 783066250?
2, 5, 439, 1427
List the prime factors of 290531104.
2, 37, 59, 4159
List the prime factors of 114302543.
17, 29, 47, 4933
What are the prime factors of 3499820529?
3, 1166606843
What are the prime factors of 4526458707?
3, 29, 31, 1678331
What are the prime factors of 1952830375?
5, 17, 109, 8431
What are the prime factors of 184145161?
53, 3474437
List the prime factors of 257357088.
2, 3, 99289
List the prime factors of 650745765.
3, 5, 283, 17033
What are the prime factors of 432545182?
2, 216272591
List the prime factors of 361289552.
2, 13, 53, 2521
What are the prime factors of 543820824?
2, 3, 131, 19219
What are the prime factors of 72692264?
2, 9086533
List the prime factors of 902690840.
2, 5, 22567271
List the prime factors of 477472501.
11, 29, 1496779
List the prime factors of 620482250.
2, 5, 47, 52807
What are the prime factors of 1543413113?
11, 140310283
What are the prime factors of 267181655?
5, 13, 311, 13217
What are the prime factors of 26414497?
1039, 25423
List the prime factors of 4792278011.
241, 857, 23203
List the prime factors of 73306437.
3, 281, 86959
List the prime factors of 795667438.
2, 4021, 98939
What are the prime factors of 468841001?
5347, 87683
What are the prime factors of 138979077?
3, 3917, 11827
List the prime factors of 89101756.
2, 73, 305143
What are the prime factors of 618731324?
2, 154682831
List the prime factors of 5377301270.
2, 5, 11, 379, 128983
List the prime factors of 160189748.
2, 40047437
List the prime factors of 1149186717.
3, 7, 6080353
List the prime factors of 548491882.
2, 67, 4093223
What are the prime factors of 368491416?
2, 3, 15353809
What are the prime factors of 1840879601?
11, 15213881
List the prime factors of 105389304.
2, 3, 4391221
List the prime factors of 10055901.
3, 59, 56813
What are the prime factors of 4225236324?
2, 3, 109, 353, 9151
What are the prime factors of 26319637?
157, 167641
What are the prime factors of 717493894?
2, 13, 337, 6299
What are the prime factors of 44171122?
2, 1447, 15263
List the prime factors of 474350737.
7, 59, 1148549
List the prime factors of 3041793885.
3, 5, 13, 19, 820997
List the prime factors of 115477066.
2, 23, 197, 12743
What are the prime factors of 415208375?
5, 3321667
List the prime factors of 43735798.
2, 17, 941, 1367
List the prime factors of 198054738.
2, 3, 7, 79, 101, 197
What are the prime factors of 2305723144?
2, 16921, 17033
What are the prime factors of 73478506?
2, 683, 53791
List the prime factors of 12735990.
2, 3, 5, 141511
What are the prime factors of 137543233?
41, 197, 17029
What are the prime factors of 44340638?
2, 73, 303703
What are the prime factors of 387089523?
3, 37, 113, 127
List the prime factors of 5250578839.
11, 477325349
What are the prime factors of 203168608?
2, 487, 13037
List the prime factors of 35025829.
35025829
What are the prime factors of 136476068?
2, 17, 2007001
What are the prime factors of 69195605?
5, 73, 101, 1877
List the prime factors of 13618793.
59, 230827
List the prime factors of 19653470.
2, 5, 1965347
What are the prime factors of 3498729540?
2, 3, 5, 17, 19, 180533
List the prime factors of 52919893.
13, 4070761
What are the prime factors of 246852502?
2, 13, 9494327
What are the prime factors of 1860135696?
2, 3, 12917609
What are the prime factors of 2239513771?
11, 203592161
List the prime factors of 2696303831.
13, 207407987
List the prime factors of 59978968.
2, 7, 1071053
What are the prime factors of 96926847?
3, 19, 1700471
List the prime factors of 6837812.
2, 1709453
What are the prime factors of 2121809639?
23, 92252593
List the prime factors of 967539761.
59, 16398979
List the prime factors of 54438610.
2, 5, 19, 286519
What are the prime factors of 1693620956?
2, 15629, 27091
What are the prime factors of 1518367773?
3, 13, 59, 659873
What are the prime factors of 1268581731?
3, 113, 1451, 2579
List the prime factors of 372691885.
5, 23, 677, 4787
List the prime factors of 1716119416.
2, 11, 71, 274667
List the prime factors of 3244565.
5, 43, 15091
What are the prime factors of 120226324?
2, 283, 106207
List the prime factors of 96662438.
2, 48331219
List the prime factors of 31796013.
3, 107, 99053
List the prime factors of 947096796.
2, 3, 101, 781433